rime factors of 22234603?
89, 249827
What are the prime factors of 7499834?
2, 1319, 2843
List the prime factors of 162362735.
5, 29, 523, 2141
List the prime factors of 219697413.
3, 13, 2081, 2707
List the prime factors of 444019916.
2, 111004979
List the prime factors of 51658962.
2, 3, 821, 10487
What are the prime factors of 269773004?
2, 67443251
List the prime factors of 443686638.
2, 3, 17, 53, 82073
List the prime factors of 27640891.
2837, 9743
What are the prime factors of 4309976566?
2, 7, 2683, 114743
What are the prime factors of 1927336492?
2, 199, 2421277
What are the prime factors of 1388313854?
2, 73, 9508999
List the prime factors of 198950679.
3, 22105631
List the prime factors of 1399894199.
11, 191, 569, 1171
List the prime factors of 25357634.
2, 12678817
What are the prime factors of 39197275?
5, 13, 120607
What are the prime factors of 709927876?
2, 7, 3622081
List the prime factors of 523684233.
3, 29, 227, 8839
List the prime factors of 35396226.
2, 3, 61, 32237
What are the prime factors of 5131584791?
509, 10081699
List the prime factors of 42651233.
42651233
List the prime factors of 230641925.
5, 47, 196291
What are the prime factors of 28708694?
2, 7, 2050621
List the prime factors of 3248476.
2, 7, 11, 53, 199
What are the prime factors of 104009695?
5, 20801939
List the prime factors of 20994240.
2, 3, 5, 19, 1151
List the prime factors of 74113813.
19, 521, 7487
What are the prime factors of 95860099?
139, 689641
List the prime factors of 2677111570.
2, 5, 7, 780499
What are the prime factors of 23328678?
2, 3, 31, 125423
What are the prime factors of 1778245118?
2, 13, 17, 4023179
What are the prime factors of 44135781?
3, 23, 67, 9547
List the prime factors of 336279063.
3, 79, 523, 2713
List the prime factors of 333367918.
2, 13, 12821843
List the prime factors of 344089501.
7, 71, 692333
List the prime factors of 85773517.
17, 41, 109, 1129
List the prime factors of 2304604054.
2, 271, 4252037
List the prime factors of 296800583.
53, 167, 33533
What are the prime factors of 6275948?
2, 7, 29, 59, 131
List the prime factors of 53774851.
13, 23, 179849
What are the prime factors of 172201233?
3, 73, 786307
What are the prime factors of 18760561?
18760561
What are the prime factors of 107706544?
2, 11, 611969
List the prime factors of 3658743689.
17, 239, 353, 2551
What are the prime factors of 364777071?
3, 121592357
List the prime factors of 24749158.
2, 7, 41, 43117
What are the prime factors of 67398950?
2, 5, 929, 1451
List the prime factors of 30294404.
2, 7, 23, 47041
What are the prime factors of 185444897?
11, 16858627
List the prime factors of 2387258282.
2, 7121, 167621
What are the prime factors of 36505391?
13, 2808107
List the prime factors of 140272109.
281, 499189
What are the prime factors of 42043763?
42043763
What are the prime factors of 698576933?
19, 47, 59, 13259
What are the prime factors of 26180516?
2, 53, 123493
What are the prime factors of 4437326?
2, 2218663
List the prime factors of 3937228560.
2, 3, 5, 17, 103, 347
List the prime factors of 28328871.
3, 53, 178169
What are the prime factors of 23155930?
2, 5, 7, 43, 157
What are the prime factors of 5364142806?
2, 3, 11, 47, 1729253
List the prime factors of 329266857.
3, 109755619
What are the prime factors of 503278297?
503278297
List the prime factors of 723861448.
2, 1471, 61511
List the prime factors of 81031057.
113, 717089
What are the prime factors of 17489904?
2, 3, 364373
What are the prime factors of 1241837367?
3, 23, 17997643
What are the prime factors of 8783790?
2, 3, 5, 292793
What are the prime factors of 58915877?
37, 1592321
What are the prime factors of 324267866?
2, 13, 12471841
What are the prime factors of 172527067?
17, 367, 27653
What are the prime factors of 53797430?
2, 5, 331, 16253
List the prime factors of 576157.
43, 13399
List the prime factors of 2198301200.
2, 5, 5495753
What are the prime factors of 2182633916?
2, 53, 10295443
List the prime factors of 19530507.
3, 491, 13259
List the prime factors of 29281592.
2, 859, 4261
What are the prime factors of 46978279?
19, 2472541
What are the prime factors of 2954147445?
3, 5, 65647721
List the prime factors of 157206828.
2, 3, 31, 269, 1571
List the prime factors of 360265582.
2, 1063, 169457
What are the prime factors of 1273076316?
2, 3, 37, 101, 9463
List the prime factors of 20714146.
2, 1613, 6421
What are the prime factors of 42471619?
73, 151, 3853
What are the prime factors of 288296428?
2, 7, 523, 19687
What are the prime factors of 6494093842?
2, 3247046921
List the prime factors of 2192707575.
3, 5, 9745367
List the prime factors of 140280023.
13, 10790771
What are the prime factors of 532359113?
11, 13, 3722791
List the prime factors of 42428198.
2, 59, 359561
What are the prime factors of 33839672?
2, 641, 6599
List the prime factors of 92713557.
3, 167, 185057
List the prime factors of 49361710.
2, 5, 17, 293, 991
List the prime factors of 2215470501.
3, 82054463
List the prime factors of 88199707.
479, 184133
List the prime factors of 2021203534.
2, 7, 31, 4657151
List the prime factors of 63670162.
2, 73, 436097
List the prime factors of 3616183.
3616183
What are the prime factors of 16036206?
2, 3, 2672701
List the prime factors of 611188463.
61, 10019483
What are the prime factors of 146521149?
3, 1151, 42433
List the prime factors of 1191388.
2, 11, 27077
List the prime factors of 371516739.
3, 11, 11258083
List the prime factors of 904764372.
2, 3, 75397031
What are the prime factors of 180933034?
2, 37, 1093, 2237
What are the prime factors of 592436033?
7, 84633719
What are the prime factors of 2719896596?
2, 679974149
List the prime factors of 511213795.
5, 6521, 15679
What are the prime factors of 81951561?
3, 769, 3947
List the prime factors of 542213662.
2, 271106831
List the prime factors of 426622341.
3, 31, 4587337
List the prime factors of 214039659.
3, 229, 311557
What are the prime factors of 485175425?
5, 7, 1301, 2131
What are the prime factors of 191242555?
5, 7, 167, 32719
List the prime factors of 1111529445.
3, 5, 13, 17, 331, 1013
What are the prime factors of 1668128029?
137, 179, 68023
List the prime factors of 5804317.
5804317
What are the prime factors of 431805787?
7, 53, 23753
List the prime factors of 2552650.
2, 5, 19, 2687
What are the prime factors of 19611232?
2, 139, 4409
What are the prime factors of 331655787?
3, 929, 39667
List the prime factors of 368434901.
293, 1257457
What are the prime factors of 146677510?
2, 5, 7, 383, 5471
List the prime factors of 65029535.
5, 37, 347, 1013
List the prime factors of 31461290.
2, 5, 7, 509, 883
What are the prime factors of 100147857?
3, 33382619
List the prime factors of 986616142.
2, 23, 71, 269, 1123
What are the prime factors of 2383197086?
2, 1191598543
List the prime factors of 2514720557.
251, 1583, 6329
List the prime factors of 157263848.
2, 7, 439, 6397
What are the prime factors of 45869663?
7, 227, 28867
What are the prime factors of 135773486?
2, 67886743
List the prime factors of 63224619.
3, 373, 56501
List the prime factors of 571277217.
3, 7, 1093, 24889
List the prime factors of 122975550.
2, 3, 5, 71, 1283
What are the prime factors of 107554513?
11, 167, 58549
What are the prime factors of 1310694349?
1310694349
List the prime factors of 498485213.
2099, 237487
What are the prime factors of 8692196122?
2, 59, 73662679
What are the prime factors of 83648404?
2, 7, 2987443
What are the prime factors of 5907217200?
2, 3, 5, 4922681
List the prime factors of 37099303.
37099303
What are the prime factors of 426397978?
2, 17, 137, 91541
List the prime factors of 242199759.
3, 80733253
List the prime factors of 37848880.
2, 5, 167, 2833
What are the prime factors of 2408476087?
31, 77692777
List the prime factors of 71276155.
5, 17, 43, 19501
What are the prime factors of 15183011?
15183011
List the prime factors of 12577243.
7, 73, 151, 163
What are the prime factors of 2358167502?
2, 3, 2801, 140317
What are the prime factors of 1967411428?
2, 17, 1701913
List the prime factors of 121676524.
2, 1879, 16189
List the prime factors of 878633580.
2, 3, 5, 11, 23, 57881
What are the prime factors of 146947043?
146947043
List the prime fa